1012 - -12?
1001101
In base 2, what is -1 - -1101000011?
1101000010
In base 10, what is -99 + -23?
-122
In base 2, what is 10100011000 + 101?
10100011101
In base 6, what is -345 - 3?
-352
In base 5, what is -440134 + -1?
-440140
In base 12, what is a - -56?
64
In base 3, what is 1202 - -10?
1212
In base 3, what is 1000 - 11020?
-10020
In base 4, what is -102201 - -10?
-102131
In base 5, what is 413 + -2?
411
In base 13, what is 51 + 5?
56
In base 8, what is -2134 + 2?
-2132
In base 16, what is -15b - 1?
-15c
In base 10, what is 5 + -12?
-7
In base 7, what is -1221 + 1?
-1220
In base 2, what is 1 - 10010011111?
-10010011110
In base 6, what is -1020 + -2?
-1022
In base 10, what is -3 + -727?
-730
In base 7, what is -4 - 24?
-31
In base 7, what is 21 - 63?
-42
In base 7, what is 1 + -550?
-546
In base 13, what is 2 - -1c?
21
In base 6, what is 3 - -305?
312
In base 16, what is 82 - -2?
84
In base 14, what is 4 - -1a8?
1ac
In base 13, what is 2 + 9?
b
In base 15, what is 3 + 21?
24
In base 4, what is 21210 + 2?
21212
In base 14, what is -1a6 + 1?
-1a5
In base 16, what is 5 - -70?
75
In base 16, what is 4 - -3e8?
3ec
In base 10, what is -3133 - 3?
-3136
In base 13, what is 73 + 26?
99
In base 7, what is -222 - 4?
-226
In base 3, what is -202220 + 102?
-202111
In base 12, what is -4 + 18b?
187
In base 11, what is 3 + -6?
-3
In base 9, what is -28220 - 3?
-28223
In base 14, what is 68 - -21?
89
In base 13, what is -5 + -4a8?
-4b0
In base 2, what is 11 - -11000100011?
11000100110
In base 5, what is -4041 + -4?
-4100
In base 7, what is 5 + 50?
55
In base 6, what is -5 + -11?
-20
In base 14, what is -1aa + 10?
-19a
In base 12, what is 3 - -1a?
21
In base 14, what is 70 - -d?
7d
In base 14, what is 0 + 9?
9
In base 13, what is -2047 + -2?
-2049
In base 13, what is -3 - 429?
-42c
In base 2, what is -1 + -1000100011?
-1000100100
In base 3, what is -101 + -1001?
-1102
In base 2, what is -111 + 100010?
11011
In base 5, what is -1 - -3244?
3243
In base 16, what is -1 + -12a?
-12b
In base 5, what is -1 - -23?
22
In base 11, what is 2 - 333?
-331
In base 4, what is 322 + -1?
321
In base 5, what is 220 + 232?
1002
In base 15, what is -1a2 - 0?
-1a2
In base 11, what is -7 - 38?
-44
In base 6, what is -54 + 341?
243
In base 10, what is -2 - -1924?
1922
In base 8, what is 20 - -3?
23
In base 15, what is 1 - 5ed?
-5ec
In base 4, what is 0 + -13212?
-13212
In base 3, what is 10222 - -112?
11111
In base 14, what is 1bb5 - -4?
1bb9
In base 15, what is 63 - 0?
63
In base 5, what is -2 + 20423?
20421
In base 14, what is 5 - 1?
4
In base 16, what is -3 - -17d?
17a
In base 7, what is -13 + -245?
-261
In base 3, what is -22221210 - -2?
-22221201
In base 12, what is -5 - 5b?
-64
In base 10, what is -685 - -1?
-684
In base 15, what is 2 + -553?
-551
In base 13, what is a - 31?
-24
In base 16, what is -3 - -5d?
5a
In base 7, what is -23 + 5?
-15
In base 4, what is 3 + -3?
0
In base 10, what is -25 + -137?
-162
In base 2, what is -100111001 + 110?
-100110011
In base 4, what is -21 + -1223?
-1310
In base 10, what is 114 + -4?
110
In base 6, what is -3 - 1022?
-1025
In base 5, what is 1240 + -10?
1230
In base 14, what is -3 + -163?
-166
In base 8, what is -4 + -17?
-23
In base 9, what is 5625 + -2?
5623
In base 10, what is -46 + -3?
-49
In base 8, what is -100 - -30?
-50
In base 4, what is -11022 - -10?
-11012
In base 14, what is 29 + -1b8?
-18d
In base 2, what is 1100111 + 101?
1101100
In base 15, what is 754 + -5?
74e
In base 16, what is -f4 - -1?
-f3
In base 4, what is 2011 + -221?
1130
In base 5, what is -3 + 321?
313
In base 14, what is -1 + 81c?
81b
In base 13, what is 3b4 - -2?
3b6
In base 8, what is 0 - -1147?
1147
In base 15, what is -4 + b34?
b30
In base 3, what is -222122 - 0?
-222122
In base 2, what is 11111101 + 1?
11111110
In base 11, what is -21 - 17?
-38
In base 8, what is -10 - -5?
-3
In base 9, what is 2 + -6?
-4
In base 12, what is -4 - 122?
-126
In base 2, what is -10010 + 10111?
101
In base 8, what is 164 - 0?
164
In base 9, what is 50 - 11?
38
In base 13, what is -45 - -28?
-1a
In base 7, what is -1010 + 4?
-1003
In base 15, what is 8117 - -2?
8119
In base 12, what is 5 - 15?
-10
In base 15, what is 32 - -7?
39
In base 6, what is 4 - 2353?
-2345
In base 16, what is 3 - 27?
-24
In base 12, what is -9 + -18?
-25
In base 7, what is 26 + -256?
-230
In base 2, what is -101 + 1111010?
1110101
In base 7, what is 10 + 211?
221
In base 2, what is 1001100001 - -101?
1001100110
In base 12, what is -44 - -b2?
6a
In base 4, what is -100 + -2021?
-2121
In base 12, what is 7 - 4ba?
-4b3
In base 10, what is -17 - -37?
20
In base 8, what is -11 + 3?
-6
In base 6, what is 4 + -3153?
-3145
In base 2, what is 1011 + -1110?
-11
In base 3, what is -22121 + 2?
-22112
In base 3, what is 21 + -1201?
-1110
In base 7, what is 1 - -140?
141
In base 4, what is 3 - -121132?
121201
In base 12, what is -2 + 69a?
698
In base 7, what is 4 - 24164?
-24160
In base 6, what is 1510 + -2?
1504
In base 9, what is -17 + -57?
-75
In base 12, what is -35 - 41?
-76
In base 4, what is 2 - -131?
133
In base 11, what is -1 - -1a0?
19a
In base 15, what is -b - -2?
-9
In base 11, what is -1385 + 4?
-1381
In base 12, what is 7 - -22?
29
In base 3, what is -12 + -120202?
-120221
In base 5, what is 21 - 220?
-144
In base 14, what is -8 - -4?
-4
In base 14, what is 2 - -2d6?
2d8
In base 2, what is 11100 + -1100?
10000
In base 3, what is -210 - 1020?
-2000
In base 15, what is -13 + 30?
1c
In base 13, what is 2009 - -4?
2010
In base 15, what is -4 + -49?
-4d
In base 9, what is 37 + -4?
33
In base 7, what is -2035 - -2?
-2033
In base 2, what is -1001111 - -1?
-1001110
In base 4, what is -2232 + -11?
-2303
In base 5, what is -1202 - -4?
-1143
In base 3, what is -2200 - -201?
-1222
In base 4, what is -2 - 211?
-213
In base 15, what is 0 - 16e?
-16e
In base 10, what is 48 - -9?
57
In base 6, what is 2 - 323?
-321
In base 9, what is -3 - 21?
-24
In base 8, what is 0 - -1107?
1107
In base 11, what is -15 + 1?
-14
In base 11, what is -119 - -6?
-113
In base 14, what is 0 - -18?
18
In base 16, what is -ff0 + -5?
-ff5
In base 10, what is 4 + 51?
55
In base 5, what is -2 - -14043?
14041
In base 4, what is 231 + -1013?
-122
In base 14, what is 49 + -25?
24
In base 15, what is 0 - 7db?
-7db
In base 12, what is -67 - 2?
-69
In base 16, what is 83 - 1?
82
In base 3, what is -1 - -10221111?
10221110
In base 3, what is 221 + -122211?
-121220
In base 10, what is 433 - 51?
382
In base 12, what is -107 - -32?
-95
In base 10, what is 3 - -1?
4
In base 16, what is -1077 - 5?
-107c
In base 13, what is 12 - -343?
355
In base 7, what is -3052 - 5?
-3060
In base 2, what is -101 + 101100?
100111
In base 2, what is -10001 - 1011?
-11100
In base 10, what is -384 + -8?
-392
In base 7, what is -4 - 3256?
-3263
In base 6, what is 24 + -24?
0
In base 6, what is -133 + 13?
-120
In base 7, what is 0 + -42?
-42
In base 14, what is -3 - -752?
74d
In base 7, what is 3 - -23?
26
In base 10, what is 2 - -18?
20
In base 11, what is 3 + 2590?
2593
In base 14, what is -a64 - -5?
-a5d
In base 12, what is -5 + -491?
-496
In base 13, what is -380 - -3?
-37a
In base 3, what is -2 + -122020?
-122022
In base 7, what is 6 - -1464?
1503
In base 4, what is -33 + 10312?
10213
In base 12, what is -541 - 4?
-545
In base 2, what is 100 + 11000100000?
11000100100
In base 16, what is 2 + 8?
a
In base 11, what is a45 - -3?
a48
In base 16, what is -65 + -3?
-68
In base 3, what is -11 + 1201122?
1201111
In base 16, what is 5 - -6?
b
In base 14, what is -c31 - -2?
-c2d
In base 15, what is -5 - 131?
-136
In base 8, what is -3 - -211?
206
In base 15, what is 12 + 26?
38
In base 14, what is 8c9 - d?
8ba
In base 8, what is 11407 + -5?
11402
In base 3, what is -1 + 110200?
110122
In base 4, what is -2020 + -20?
-2100
In base 15, what is -14 - 2?
-16
In base 4, what is 3 + 121100?
121103
In base 8, what is -105 + -6?
-113
In base 10, what is -3 - -514?
511
In base 13, what is 430 - -3?
433
In base 4, what is 23 + -3?
20
In base 11, what is 96 + -13?
83
In base 6, what is -3 + -253?
-300
In base 11, what is -4 - 285?
-289
In base 11, what is 1a06 + 4?
1a0a
In base 4, what is -1 + 132333?
132332
In base 9, what is 4 + -165?
-161
In base 16, what is -6 + -544?
-54a
In base 9,